9 + l. What is j(n)?
11
Let z(a) = -a**3 - 5*a**2 + 6*a + 5. Let b be z(-6). Let n be 6/21 + b/7. Let q(w) = -3 - 7 - 1 + 21 + w - 11. Calculate q(n).
0
Let g be (3/2 + -2)*40/(-4). Suppose -g*a - 3*h + 10 = -6, 5*a = -h + 12. Let j = -3 - a. Let m(t) = t + 7. Determine m(j).
2
Let w(g) = g**2 - 3*g. Suppose 7*l + 28 = -7*l. Let j be l/12 - 62/(-12). Give w(j).
10
Let d(k) be the first derivative of k**4/4 - 2*k**3 + 5*k**2/2 + 2*k - 60. Let u = -6 - -6. Suppose 0 = 3*g - 6 - 0, -2*i - 4*g + 16 = u. Give d(i).
-10
Let c(i) = 24*i. Let l be (-7)/(-49) - (-90)/7. Let s(r) = -11*r - 1. Let q(p) = l*s(p) + 6*c(p). What is q(8)?
-5
Let f be 4/(5/(75/6)*5). Let c(d) = -2316*d + 2 + 1158*d + 1156*d - 2 + 3*d**f. What is c(2)?
8
Suppose 5*f = -4*n - 93, 2*n = 256*f - 257*f - 21. Let y(x) = 3*x + 57. Calculate y(f).
6
Let g(a) = -7*a**3 - 13*a**2 + 55*a. Let p(d) = -d**3 + d**2 + 6*d - 1. Let k(j) = g(j) - 6*p(j). What is k(-20)?
26
Let h(o) = o**3 + 7*o**2 + 3*o - 7. Let x(v) = 2*v - 28. Let n be x(17). Suppose -j + n*j = -30. Give h(j).
11
Let p(h) be the third derivative of 11/24*h**4 + h**2 + 1/60*h**5 + 13/6*h**3 + 6*h + 0. Calculate p(-10).
3
Let d(w) = -w**2 - w - 10. Suppose 4*g + 20 = 5*u, -3*u + 3*g + 15 = -0*u. Let h be (-1 - 0)*u/(-1 - 2). What is d(h)?
-10
Let o(x) = -11*x**2 + 21*x + 2. Let b(w) = w**2 - w - 3. Let f(m) = 27*m**2 - 57*m + 7. Let y(a) = 4*b(a) + f(a). Let i(z) = -17*o(z) - 6*y(z). Give i(-10).
6
Let w(v) = v**2 - 5*v - 7. Suppose -2 = 2*g - 12. Suppose -365*n = -366*n + g. Give w(n).
-7
Let j = 165 - 139. Suppose j = -11*w - 128. Let d(k) = -k - 7. Calculate d(w).
7
Let k(c) = -c**3 - 12*c**2 - 21*c - 12. Let z = -74 - -64. Let p be k(z). Let v(r) = r**2 - 5*r**2 - r + 0*r**2 + 2. Give v(p).
-12
Let m(t) be the third derivative of 0 + 1/120*t**6 + t - 1/8*t**4 - 3*t**2 - 7/6*t**3 + 1/10*t**5. What is m(-6)?
11
Let n(u) = -5*u**2 + 11*u - 12. Let c(k) = 11*k**2 - 22*k + 28. Let o(z) = -6*c(z) - 13*n(z). Give o(-7).
16
Let j(q) = -2912679 - q + 3*q**2 + 2912679. Let r be ((-6)/7)/(3/21). Let f be (1/(-2))/(3/r). What is j(f)?
2
Let f(m) = -m**3 - 5*m**2 + 7*m + 1. Let y(p) = -4*p + 37. Let o(c) = 2*c - 18. Let g(s) = 5*o(s) + 3*y(s). Let t be g(23). Let b = 19 + t. Calculate f(b).
-5
Suppose -5*h + 13 = -u, h - 2*u = 4*h. Let n(l) = 12*l**h - 16 + l**3 + 11 + 2 - l. Give n(-12).
9
Let g(r) = -r + 23. Let h be g(11). Let u be (5 + (-66)/h)*16. Let b(j) = j + 13. Calculate b(u).
5
Suppose -4*r - 16 = -0*r. Let g be 60/r*(-2 - 25/(-15)). Let y(o) = -o**2 + o - 6. Let b(i) = i**2 - i + 6. Let u(k) = g*b(k) + 4*y(k). Calculate u(0).
6
Suppose 3*d = 1286 - 1274. Let z(p) be the third derivative of 3/2*p**3 - 9*p**2 + 0*p + 0 + 1/8*p**d. Give z(-7).
-12
Let d = -886 - -887. Let h(y) = 5*y**2 - 16*y - 6. Let x(v) = -v**2 + 2*v. Let w(b) = d*h(b) + 6*x(b). Calculate w(-3).
-3
Let c(t) = 512*t - 257*t - 254*t - 7. Let p(o) = -22*o + 6. Let d(a) = -c(a) - p(a). Suppose 0 = -0*x - 2*x - 2. What is d(x)?
-20
Let c(s) be the second derivative of s**5/20 - s**4/6 - 31*s**3/6 - s**2 + 3301*s. Calculate c(-5).
-22
Let k(c) = 15*c**2 - 1. Let r be -9*1/12*92/69. Give k(r).
14
Let i(x) = -4*x - 289. Let z(v) = v + 98. Let a(f) = 2*i(f) + 6*z(f). Let d be ((-3)/(-6))/((-1)/(-14)). Calculate a(d).
-4
Let c(i) = -2*i**2 - i + 10. Suppose -302*h + 1 = 1. Calculate c(h).
10
Let l(h) = 107 - 53 - 5*h - 55. Suppose -8*m - 601 = -169. Let r = -53 - m. Give l(r).
-6
Let q(i) = i**3 - 4*i**2 - 3*i + 4. Let g(j) = -3*j + 1. Let u = 1 + 5. Let b(t) = 2*t - 13. Let l be b(u). Let s be g(l). Calculate q(s).
-8
Let v(i) be the first derivative of -i**6/90 + i**5/120 - i**4/12 + 16*i**3/3 + i**2 + 37. Let o(s) be the third derivative of v(s). Determine o(-2).
-20
Let m(s) = -272*s + s**2 + 3 + 543*s - 280*s. Let h(i) = -1. Let x(g) = -5*h(g) + m(g). What is x(8)?
0
Let y(f) = f**3 - 2*f**2. Suppose l - 15 = -m + 4*l, 3*m = -l - 5. Suppose m = -2*j + 323 - 321. Give y(j).
-1
Let w(v) be the third derivative of v**5/60 - v**4/3 - 7*v**3/2 + 58*v**2 + v. Let q(a) = -a. Let o(g) = -6*q(g) - w(g). Suppose 0*y - 2*y = -30. Give o(y).
6
Let j = 165 + -162. Let u be (19/j - 5)/(6/27). Let i(x) = -x**2 + 4*x + 2. Determine i(u).
-10
Let f(o) = 7*o**2 - 9*o + 9. Let t(k) = 1364*k - 9545. Let i be t(7). What is f(i)?
45
Let w be (-212)/265*5*2/(-4). Let p(m) = 56*m**w - 115*m**2 - 10*m + 58*m**2 + 6. Give p(-9).
15
Let q(k) = k**3 - 6*k**2 + 3*k - 1. Suppose 0 = -5*y + 3*j + 1487, -2*j = -4*y + 2*j + 1188. Let p = y - 293. Give q(p).
-11
Let n(b) = b**2 + 12*b + 9. Let d = -977 - -287. Let y be d/75 + 3/15. What is n(y)?
-18
Let s(y) = 7*y**2 - 4*y + 11. Let k(w) = -6*w**2 + 4*w - 9. Suppose -5*m = z - 29, -4*z + 3 + 23 = 2*m. Let p(u) = m*s(u) + 6*k(u). Calculate p(5).
-4
Suppose -4*t - 2*n = -30, -5*t + 0*n = 2*n - 38. Let z be 12/15*(t + -3). Let g(u) = 2*u - 8. What is g(z)?
0
Suppose 5*z = -6 - 14. Let u be (4/6 + -2)/(z/(-150)). Let t = -49 - u. Let x(y) = 6*y**2 - y + 1. Determine x(t).
6
Let z be (-6765)/(-660) + 9/(-4). Let y(p) = -3*p + 16. Determine y(z).
-8
Let i be (0 + 185/(-10))*(-3 - -1). Suppose -i = -5*n + 18. Let s(y) = n*y**2 + y**2 + 5*y + 1 - 13*y**2. Determine s(4).
5
Let q = 5038 + -5052. Let o(j) = -2*j**2 - 29*j - 20. Calculate o(q).
-6
Let d = -111 + 99. Let j(n) be the second derivative of n**4/12 + 5*n**3/3 - 17*n**2/2 - n + 48. Give j(d).
7
Let c(d) be the first derivative of -9*d**2/2 + 3*d + 2453. Calculate c(1).
-6
Suppose 0*v - 2*v - q - 28 = 0, 4*v - q = -62. Let c = v - -16. Let p(y) = 4 + 2*y - y + c. Determine p(-8).
-3
Let c(o) be the first derivative of -o**5/60 - 7*o**4/12 - 2*o**3/3 - 35*o**2/2 + o + 61. Let q(g) be the second derivative of c(g). Calculate q(-12).
20
Let q(u) = 434*u - 30. Let g(d) = -153*d + 11. Let y(v) = 17*g(v) + 6*q(v). Suppose -3*f - m = m + 34, 0 = -2*f + 4*m + 4. Calculate y(f).
-17
Let c(p) be the third derivative of -p**5/60 + p**4/24 + 17*p**3/6 - p**2. Suppose -2*x + 323 = 1503. Let l = 590 + x. Determine c(l).
17
Let d = 21029 - 21024. Let z(u) = -9*u**2 + 3*u - 8. Let h(l) = -5*l**2 + l - 4. Let p(t) = 7*h(t) - 4*z(t). Determine p(d).
4
Suppose -3*y = 2*y + 3*f + 22, -3*y - 3*f - 18 = 0. Let q(n) = -6*n - 43*n**2 + 5*n + 17*n**2 + 13*n**2 + 16*n**2. What is q(y)?
14
Let i(b) be the first derivative of -b**6/360 + b**4/24 + 79*b**3/3 + 2. Let s(p) be the third derivative of i(p). Calculate s(-6).
-35
Suppose -10 = 4*t - 5*b, 5*b = 15*t - 18*t + 10. Let y(g) be the third derivative of 0 - 4/3*g**3 - 40*g**2 - 1/60*g**5 + t*g + 5/12*g**4. Determine y(6).
16
Let t(h) = h - 3. Let p be t(2). Let o be (p - -2)/((-118)/24 + 5). Let c be 21*(4/10)/(o/(-10)). Let j(m) = -m**3 - 6*m**2 + 7*m - 10. Give j(c).
-10
Let c(g) = -3*g + 53. Suppose -636 = -98*j + 1545 - 417. Calculate c(j).
-1
Let i(p) be the second derivative of -p**6/240 + 7*p**5/120 - 29*p**4/4 + 26*p. Let n(d) be the third derivative of i(d). Calculate n(6).
-11
Let o(u) = -2*u**2 - 2*u + 3. Suppose 0 = -21*w + 11*w + 20. Suppose 8*m = -w + 18. Calculate o(m).
-9
Let q(k) = -3*k - 27. Let t = -2718 - -2712. What is q(t)?
-9
Let k(s) be the third derivative of 0*s - 9*s**2 + 1/6*s**4 + 0 + 6*s**3 + 1/120*s**5. Let d(a) be the first derivative of k(a). What is d(4)?
8
Let h(g) = -7*g - 7. Let t be h(2). Let f(m) = m**3 + 22*m**2 + 17*m - 29. Let x be f(t). Let y(i) = -x*i**2 - 2 - 2*i - 3*i + 57*i**2. Give y(4).
10
Let z be (5 + 28/(-8))*-18*2. Let t = z + 64. Let k(u) = u**3 - 11*u**2 + 11*u - 8. What is k(t)?
2
Let g(x) = -18*x. Suppose 3*j - 10 = -4*q + 5*j, 4*j = -q + 7. Let w be (-16)/(-40)*(30/4)/3. Let p be ((3 + q - 3) + -4)/w. What is g(p)?
18
Let q(a) = a + 1. Let x(o) = 5*o + 6. Let v(s) = 4*q(s) - 2*x(s). Suppose 2*i + 41 = 37. Let m(w) = -w - 1. Let f(u) = i*v(u) + 14*m(u). Calculate f(-5).
12
Let x(u) = 104 + 102 + 96 - 399 + 101 - u. Determine x(-7).
11
Suppose 3*m - 21 - 7 = 5*f, -2*m - 3*f = -6. Suppose -m*y + 15 = -y. Let h(i) = 2*i**2 + 1 + 2 - 2 + 0*i**2 - 3*i**2 + 3*i. Calculate h(y).
1
Let j(b) = -58084 + 7*b + 29037 - 36*b + 11*b**2 + 29039 - b**3. What is j(6)?
-2
Let d(f) be the second derivative of f**8/6720 + f**7/504 - f**6/144 - 7*f**4/12 + f**3/2 + 23*f. Let x(h) be the third derivative of d(h). Determine x(-6).